 (1 - 3) - (-43 - -37).
-6
-5 + (12 - 28 - (-1 - 3) - 2)
-19
-13 + 37 + 12 + (-25 - -11)
22
What is the value of -1 - 17 - (-37 + 33 - (1 + -2))?
-15
Calculate -2 + (4 - 0) + 6 + -5.
3
Calculate 12 + (-40 - -25) - (-1 + -3).
1
What is the value of (287 - 292) + 1 + -13?
-17
Evaluate 22 + 10 + -1 + -25.
6
What is the value of 10 - (72 - 60 - (17 + -2))?
13
Calculate (0 - 4) + 28 + -39 - -14.
-1
Evaluate 22 - 21 - (-8 + 6).
3
40 - ((28 - 24) + 61)
-25
What is the value of -8 + 16 - (-1 + 2) - 10?
-3
Calculate 14 + -26 + 2 + 12.
2
What is 0 - (-17 - (17 - 27) - -4)?
3
What is -1 + 15 + 0 - 14?
0
What is 41 + 4 - (-19 - -9 - -17)?
38
Evaluate 12 - (14 - (-7 - -13) - 14).
18
What is the value of -5 + -5 - (5 + -28)?
13
What is -61 - (-2 + -18) - -23?
-18
What is 11 - 7 - -6 - ((1 - -2) + 5)?
2
What is the value of 16 - (9 - (15 - 19)) - 18?
-15
2196 + -2210 - (-1 - (-1 - -2))
-12
Calculate 38 + -53 - (6 - 2 - 2 - 4).
-13
What is the value of (-19 - (-2 + 11)) + (2 - -5)?
-21
Evaluate -6 - ((-2 - -7) + -5) - (-3 - -10).
-13
What is -4 + (-4 - 22) - (-33 - (2 + -26))?
-21
Calculate -2731 + 2743 - (-1 + 0 - -17).
-4
What is (-2 - -1 - 4 - (-16 - -4)) + -1?
6
Evaluate (-28 - -2) + 6 + (-4 - 5) + 4.
-25
What is -13 + 1 + 4 + 0?
-8
Evaluate -9 - (-15 + -13 + 5 + 5) - 6.
3
6 + (9 - -2 - (42 - 17))
-8
Calculate -46 + 49 - (3 - 14).
14
What is -206 + 195 - (0 - 25)?
14
What is the value of 22 + (-42 - -9) - 9?
-20
What is -9 - -1 - (78 + -92) - 9?
-3
What is the value of 6 + -7 + 6 + -8 - (-5 - -9)?
-7
Calculate -1 - -18 - (689 + -663).
-9
(-1 - 16) + -7 + 6 + 6
-12
5 - (-6 + 4 + 6) - (11 - 1)
-9
What is the value of -5 + 8 - 9 - -9?
3
Calculate 12 - (24 - 8 - 9).
5
Evaluate 134 + -144 - (-9 + -2).
1
Evaluate -1 + -22 - (-74 + 8 - -60).
-17
25 + (32 + -15 - 47)
-5
Calculate 10 + (-10 - (-3 + -2)).
5
Calculate -10 + (-2 + 28 + 18 - (1 + 8)).
25
Calculate -5 - 0 - (15 + -6 - 3 - 51).
40
What is the value of 8 + -16 + 1 + (-45 - -34)?
-18
23 + -2 + 6 + -33
-6
Calculate (-40 - -44) + -6 + -2.
-4
283 + -277 + (5 - 0)
11
Evaluate 11 + (-25 - 4) - (2 - (11 + -2)).
-11
Evaluate -35 + 17 + 9 + (0 - -3).
-6
Calculate 5 + -4 + 0 + 5.
6
Calculate 65 + -49 - (-4 - -10).
10
Calculate (-1 - -1) + (11 - (0 + 9)) + 4.
6
Evaluate (-6 + -6 - 1) + (-7 - 2) + 14.
-8
What is the value of -25 + 11 + 12 - (-1 + 10)?
-11
What is (5 - 14) + -12 + 10?
-11
What is -2 - (24 - 11) - -14 - -23?
22
(-30 - (-13 - 4)) + -1
-14
What is -27 - -20 - (10 - 13)?
-4
What is 12 - ((-6 + -4 - -6) + 9)?
7
Evaluate 5 + -1 + 10 + -11.
3
What is the value of 2 + -6 + -10 + (21 - 13) + 0?
-6
What is (431 - 440) + (0 - -1)?
-8
Evaluate 4 + 6 + (-16 - -4).
-2
Calculate (-5 - 1) + 24 + -19.
-1
What is 66 - (7 - (38 - 65))?
32
4 + (-17 - -8 - (19 + -3 + -12))
-9
-17 - ((-20 - -14) + (-7 - -27))
-31
Calculate -3 + -1 + (1 - -10).
7
Calculate (-693 - -678) + 35 + 0.
20
What is the value of -6 + -6 + 25 + -49?
-36
What is 7 + (4 - (6 + 8 + -6 + -11))?
14
Calculate 5 + -20 + 11 - (4 - (3 + -8)).
-13
What is the value of -7 - (-5 + 4) - (28 + -21)?
-13
Calculate -1 - 0 - (2 + 9 + 37 + -42).
-7
11 + (8 - 25) + -19
-25
Evaluate -801 + 771 + -1 + 9.
-22
Calculate (-16 - -13) + -4 + 18 + 2.
13
What is -1 + -27 - (192 + -216)?
-4
Calculate -8 - ((34 - 46) + 13 + 3).
-12
-12 - ((1 - 7) + (40 - 39)) - 1
-8
(10 - (18 + -24)) + -8
8
Evaluate (-8 - (-6 - -6)) + (15 - 13) + 19.
13
What is the value of -333 - -332 - (-2 + 29 + 2 + -3)?
-27
Calculate (15 - -4) + -5 + 8.
22
What is -1 + (10 - 15) + (3 - -3)?
0
What is the value of 18 - (5 + -11 + -13 + 14)?
23
10 - (-14 + (-11 - -15))
20
-12 - ((-8 - 17) + 15 + -3)
1
Evaluate 20 - (8 - 10) - (3 - (-2 + -2)).
15
What is 5 - (0 + -7 + (19 - 5) + -8)?
6
What is 2 + (18 - (19 + -24))?
25
Evaluate -3 + 1 + -1 - (-401 + 411).
-13
-8 - (4 - (-4 + 5 + 6)) - 0
-5
Calculate ((13 - 10) + -8 - -4) + (0 - 8).
-9
What is the value of 1553 + -1553 + -12 + 0 + -1?
-13
Evaluate 2 + 11 + -12 + 0 + 14 + 1.
16
What is 0 - (-5 - (-14 + 10)) - 12?
-11
What is (-7 - (-9 + 13) - -5) + 7?
1
What is 6 - (1 - 3) - (10 - 17)?
15
Evaluate -20 + 4 + 17 + (1 - (-1 - -4)).
-1
Evaluate 8 + -2 - (33 - 26).
-1
Evaluate 434 + -469 + (2 + -2 - (1 - 10)).
-26
What is 7 - (1 + 4 - (24 - 8 - 15))?
3
What is the value of (-20 - -25) + (-3 - (-7 + 4) - -10)?
15
What is (-4 - ((8 - 3) + -10)) + -8 + -12?
-19
What is the value of -11 + 35 + 11 - (-12 - -25)?
22
Calculate 24 + 0 + (-207 - -190).
7
Evaluate (4 + -13 - -15) + (-6 - 2).
-2
Evaluate (2 + -5 - (11 + -5 - 4)) + -3.
-8
2 + -3 + -20 + (-65 - -75) + -10
-21
Calculate 20 - (8 + -10 - (-2 + -11 - -4)).
13
What is -8 - (1 - 2) - (-9 + 9 - 6)?
-1
Evaluate 7 + 27 + -34 + -13 + -1.
-14
What is -11 + (7 - 7 - -10) + 0?
-1
What is 30 + -21 + -4 + -5?
0
(75 - 32) + -30 + -27
-14
13 + 0 + 4 - -9
26
What is the value of -28 - (9 + -13 + (-16 - -5))?
-13
Evaluate 53 + -9 + -26 + (-16 - -24).
26
Calculate 2 + -15 + (6 - 8 - 0) + -6.
-21
Evaluate 2 + (-15 - -2 - -9).
-2
Calculate -15 - (-3 + (-16 - (21 - 5))).
20
Calculate -6 - (-2 + (37 - 10)).
-31
3 + (-12 + 7 + 5 - 8)
-5
Evaluate (-3 - 7) + 10 + 7 + -12.
-5
Evaluate 7 + (-41 - 0 - (-17 + 5)).
-22
What is -1 + 6 + -1 + (-5 - 4)?
-5
513 + -505 - (2 - (1 - 1))
6
What is 4 + -17 + 14 + -8?
-7
Calculate -15 + 41 + -34 + 1.
-7
Evaluate (0 - -12) + (40 - (-40 - -77)).
15
What is the value of -22 - -1 - (-30 - 18)?
27
What is 4 + (-11 - (-12 - -6)) + -8?
-9
-9 + -8 + 6 - (4 + (1 - 4))
-12
What is the value of (5 + 2 - -7) + (-3 - (-3 - 5))?
19
What is the value of 5 - 22 - (-11 - 8)?
2
What is the value of -13 + (-5 - 10) + 24?
-4
What is the value of (2 - 4) + -1 + -3 + 8 - 4?
-2
Calculate (13 - 1) + 1625 + -1615.
22
What is the value of 9 - -19 - (25 - 11)?
14
What is -8 - -6 - (4 + (-3 - 18))?
15
Calculate (-20 - -40) + -11 + 2 + -20.
-9
Calculate -25 - (-18 - -10) - 0.
-17
What is (-127 - -140) + -2 + -12?
-1
Calculate (-21 - (8 - (25 + -9))) + 8.
-5
What is the value of 1095 + -1089 + (1 - 2 - 4) + 1?
2
-13 - (-4 - (-2 + 1 + 5 + -4))
-9
15 + (4 - -3) + -2
20
-15 + 5 - (-8 - 1 - (-1 + 1))
-1
(12 - 24) + (-1 - (0 - 9)) - -7
3
What is (2 + 0 + -1 - -3) + 87 + -92?
-1
(-3 + 11 - 6 - 18) + (17 - 23)
-22
What is (2 - 4) + (-11 - (-6 + 11 + -1))?
-17
5 + (5 - (33 + 8 + -17))
-14
Evaluate 6 + (41 - 50) + (0 - -11) + -6.
2
Evaluate 21 + 7 + -41 + 14.
1
5 - (-26 - -20 - -11)
0
5 + (-16 - -9) + 4 + 4
6
-8 - (0 + -7 + -2) - -11
12
What is 0 - 3 - (5 + 14 - (32 + -15))?
-5
25 + -32 + -8 - -45
30
Calculate 21 - (0 - -6 - 2 - (19 - 18)).
18
Evaluate -10 - (-23 + 20 - 14).
7
Calculate -9 + (30 - 15 - 25).
-19
Calculate 26 + (-27 + 1 - -30).
30
9 - (-21 - -6 - (3 - 7))
20
What is the value of (51 - 75) + 2 + 8 + -3?
-17
What is the value of -4 - (-12 - (-6 - -3) - (8 - 4))?
9
What is -7 + 38 - (-4 - -13)?
22
What is 239 + -257 - (-1 + -7)?
-10
What is the value of -1 + 10 + (17 - (-3 - (-15 - -3)))?
17
Calculate -21 + (7 - -3 - 6 - 4).
-21
Calculate -21 + (-13 - -33) + 5.
4
What is (-13 - -19) + -4 + 8 - 23?
-13
Calculate 0 + -9 + (-271 - -274).
-6
What is the value of 6 - ((-84 - -62) + 1 + -4)?
31
What is 52 + -21 + 38 + -36?
33
Calculate 38 + (-39 - 9) + (32 - 0).
22
What is the value of -7 + -1 + (11 - (16 + -8)) - -23?
18
Evaluate -31 + (-53 - -51 - (-4 - -1) - 7).
-37
Evaluate 17 + (-17 - 19 - -29).
10
Calculate -82 + (8 - -73) - (1 + (1 - 14)).
11
Evaluate 10 - 2 - (-13 + 22 + -9).
8
Calculate (-11 - (-4 - (-2 - -4))) + 11 - 9.
-3
Calculate (1 - 2 - -6) + -4 + 0 - -10.
11
Calculate 34 + 33 + -57 + 14.
24
Calculate (24 + -11 - (-4 + 4)) + -12.
1
Calculate -13 - (16 + -12 + -8).
-9
What is the value of -62 - -56 - (3 - 1 - 5 - -3)?
-6
What is the value of (2 - -1) + (128 - 126)?
5
What is -93 - -80 - (3 + (-4 - 8))?
-4
Calculate -1 - (1 + (7 - 4 - -1) + -7).
1
Evaluate 1 + (3 - 0) + -15.
-11
Evaluate -2 + (1 - 2) + 81 + -60.
18
-9 + 26 + -52 + 9
-26
1 + 2 + 6 + -2 + -1
6
What is -4 + (-19 - -41 - 17)?
1
-2 - 25 - (-5 - -8 - 2 - 9)
-19
36 + -33 + (1 - 0) + -15 + 2
-9
What is -1 + (-34 + -9 - -19)?
-25
What is the value of 10 + -1 + -19 + 7?
-3
What is -1 + -5 + 19 + (-7 - 0) + 2?
8
Evaluate (5 - -8) + -4 - (55 + -39).
-7
Evaluate 14 + (-49 - (0 - (2 + 11))).
-22
-18 - (14 - (-2 - (13 + -29)))
-18
What is 15 - (-7 - (-16 + 2))?
8
What